{"id":547,"date":"2024-04-09T15:52:49","date_gmt":"2024-04-09T13:52:49","guid":{"rendered":"https:\/\/lpsc-wordpress.in2p3.fr\/?page_id=547"},"modified":"2026-04-27T21:26:33","modified_gmt":"2026-04-27T19:26:33","slug":"accueil-copy","status":"publish","type":"page","link":"https:\/\/lpsc-wordpress.in2p3.fr\/?page_id=547","title":{"rendered":"Accueil LSM"},"content":{"rendered":"\n<figure itemscope itemtype=\"https:\/\/schema.org\/ImageObject\">\n\t\t\t\t<img decoding=\"async\" src=\"https:\/\/lpsc-wordpress.in2p3.fr\/wp-content\/uploads\/2024\/04\/modane.png\" alt=\"modane\" height=\"800\" width=\"1280\" title=\"modane\" onerror=\"this.style.display='none'\" loading=\"lazy\" \/>\n\t<\/figure>\n<h2>\n\t\t\tLaboratoire Souterrain de Modane\t<\/h2>\n\t<p>Le Laboratoire Souterrain de Modane (LSM) est le laboratoire souterrain profond (LSP) le plus profond d&rsquo;Europe appartenant au CNRS, ainsi qu&rsquo;\u00e0 l&rsquo;Universit\u00e9 Grenoble-Alpes. Le LSM est une plateforme nationale fran\u00e7aise IN2P3 rattach\u00e9e au Laboratoire de Physique Subatomique et Cosmologie (LPSC) de Grenoble depuis 2019 d\u00e9di\u00e9e au d\u00e9veloppement des programmes d&rsquo;astroparticules et de physique nucl\u00e9aire. Elle est ouverte \u00e0 la participation internationale et europ\u00e9enne.<\/p>\n<h5>\n\t\t\tPr\u00e9sentation du LSM\t<\/h5>\n<h2>\n\t\t\tEn quelques mots\t<\/h2>\n\t<p>L&rsquo;\u00e9paisseur moyenne de la roche de 1700 m (environ 4800 m d&rsquo;\u00e9quivalent en eau) r\u00e9duit le flux de muons \u00e0 environ 5 muons\/m2\/j, soit plus de 10^6 fois moins qu&rsquo;\u00e0 la surface. Ces conditions font des LSM le meilleur laboratoire d&rsquo;Europe pour mener des recherches dans un environnement radioactif z\u00e9ro contr\u00f4l\u00e9.<\/p>\n\t<a href=\"https:\/\/50ans.in2p3.fr\/timeline-lsm\/\" target=\"_self\" role=\"button\" aria-label=\"En savoir plus\">\n\t\t\t\t\t\tEn savoir plus\n\t\t\t\t\t<\/a>\n<figure itemscope itemtype=\"https:\/\/schema.org\/ImageObject\">\n\t\t\t\t<img decoding=\"async\" src=\"https:\/\/lpsc-wordpress.in2p3.fr\/wp-content\/uploads\/2024\/04\/180.jpg\" alt=\"180\" height=\"200\" width=\"600\" title=\"180\" onerror=\"this.style.display='none'\" loading=\"lazy\" \/>\n\t<\/figure>\n<h2>\n\t\t\tContact\t<\/h2>\n<form>\n\t<input type=\"hidden\" name=\"fl-layout-id\" value=\"547\" \/>\n    \t\t<label for=\"pp-name-\">Nom<\/label>\n    \t\tVeuillez saisir votre nom.\n    \t\t<input type=\"text\" name=\"pp-name\" id=\"pp-name-\" value=\"\" placeholder=\"Nom\"  \/>\n    \t\t<label for=\"pp-email-\">Email<\/label>\n    \t\tVeuillez saisir une adresse email valide.\n    \t\t<input type=\"email\" name=\"pp-email\" id=\"pp-email-\" value=\"\" placeholder=\"Email\"  \/>\n    \t\t<label for=\"pp-message-\">Votre message<\/label>\n    \t\tPlease type your message.\n    \t\t<textarea name=\"pp-message\" id=\"pp-message-\" placeholder=\"Votre message\"><\/textarea>\n    \t<a href=\"#\" target=\"_self\" role=\"button\">\n    \t\t    \t\t    \t\tEnvoyer\n    \t\t    \t\t    \t<\/a>\n\t\t\tMessage envoy\u00e9\u00a0!\n\t\t\tMessage \u00e9chou\u00e9. Veuillez essayer de nouveau.\n<\/form>\n\n","protected":false},"excerpt":{"rendered":"<p>Laboratoire Souterrain de Modane Le Laboratoire Souterrain de Modane (LSM) est le laboratoire souterrain profond (LSP) le plus profond d&rsquo;Europe appartenant au CNRS, ainsi qu&rsquo;\u00e0 l&rsquo;Universit\u00e9 Grenoble-Alpes. Le LSM est une plateforme nationale fran\u00e7aise IN2P3 rattach\u00e9e au Laboratoire de Physique Subatomique et Cosmologie (LPSC) de Grenoble depuis 2019 d\u00e9di\u00e9e au d\u00e9veloppement des programmes d&rsquo;astroparticules et&hellip;<\/p>\n","protected":false},"author":2,"featured_media":0,"parent":0,"menu_order":0,"comment_status":"closed","ping_status":"closed","template":"","meta":{"footnotes":""},"class_list":["post-547","page","type-page","status-publish","hentry"],"_links":{"self":[{"href":"https:\/\/lpsc-wordpress.in2p3.fr\/index.php?rest_route=\/wp\/v2\/pages\/547","targetHints":{"allow":["GET"]}}],"collection":[{"href":"https:\/\/lpsc-wordpress.in2p3.fr\/index.php?rest_route=\/wp\/v2\/pages"}],"about":[{"href":"https:\/\/lpsc-wordpress.in2p3.fr\/index.php?rest_route=\/wp\/v2\/types\/page"}],"author":[{"embeddable":true,"href":"https:\/\/lpsc-wordpress.in2p3.fr\/index.php?rest_route=\/wp\/v2\/users\/2"}],"replies":[{"embeddable":true,"href":"https:\/\/lpsc-wordpress.in2p3.fr\/index.php?rest_route=%2Fwp%2Fv2%2Fcomments&post=547"}],"version-history":[{"count":12,"href":"https:\/\/lpsc-wordpress.in2p3.fr\/index.php?rest_route=\/wp\/v2\/pages\/547\/revisions"}],"predecessor-version":[{"id":3787,"href":"https:\/\/lpsc-wordpress.in2p3.fr\/index.php?rest_route=\/wp\/v2\/pages\/547\/revisions\/3787"}],"wp:attachment":[{"href":"https:\/\/lpsc-wordpress.in2p3.fr\/index.php?rest_route=%2Fwp%2Fv2%2Fmedia&parent=547"}],"curies":[{"name":"wp","href":"https:\/\/api.w.org\/{rel}","templated":true}]}}