{"id":320,"date":"2024-10-16T15:26:52","date_gmt":"2024-10-16T13:26:52","guid":{"rendered":"https:\/\/lpsc-wordpress.in2p3.fr\/?page_id=320"},"modified":"2024-10-16T15:26:52","modified_gmt":"2024-10-16T13:26:52","slug":"atlas-copy-19","status":"publish","type":"page","link":"https:\/\/lpsc-wordpress.in2p3.fr\/?page_id=320","title":{"rendered":"Patrimoine et Infrastructures"},"content":{"rendered":"\n\n\t\t\t\t<img loading=\"lazy\" decoding=\"async\" src=\"https:\/\/lpsc-wordpress.in2p3.fr\/wp-content\/uploads\/2024\/03\/Laboratoire_de_physique_subatomique_et_de_cosmologie_-_Grenoble.png\" alt=\"Laboratoire_de_physique_subatomique_et_de_cosmologie_-_Grenoble\" itemprop=\"image\" height=\"800\" width=\"1280\" title=\"Laboratoire_de_physique_subatomique_et_de_cosmologie_-_Grenoble\" onerror=\"this.style.display='none'\"  \/>\n<h2>\n\t\tPatrimoine et infrastructures\n\t<\/h2>\n\t\t\t\tPr\u00e9sentation\n\t\t\t\tEquipe \n\t\t\t\t\t\t\tPr\u00e9sentation\n\t\t\t\tGarant du bon fonctionnement des infrastructures, et des services, le service accompagne le d\u00e9veloppement des activit\u00e9s scientifiques. Il est en charge des am\u00e9nagements, de la mise \u00e0 niveau et de la r\u00e9novation des diff\u00e9rents locaux du laboratoire, voire de la cr\u00e9ation de nouveaux espaces d&rsquo;exp\u00e9riences.\n<p>Le site de l&rsquo;ISN renomm\u00e9 LPSC en 2004 a \u00e9t\u00e9\u00a0cr\u00e9\u00e9 fin des ann\u00e9es 60, il\u00a0est implant\u00e9 sur 5 h et repr\u00e9sente 20000m\u00b2 de bureaux et d&rsquo;aires exp\u00e9rimentales.<\/p>\n<p>Notre intervention se situe dans tous les domaines (\u00e9lectricit\u00e9, plomberie, chauffage, climatisation, ponts roulants, ascenseurs, t\u00e9l\u00e9phones, r\u00e9seaux d&rsquo;adduction d&rsquo;eau, espaces verts, nettoyage&#8230;).<\/p>\n<p>Actuellement, la totalit\u00e9 des travaux est sous trait\u00e9e, les petits travaux \u00e9tant r\u00e9alis\u00e9s par le concierge qui d\u00e9pend du service administratif.<\/p>\n<p>\u00a0 &#8211; Supports G\u00e9n\u00e9raux : &lt;<a href=\"mailto:travaux@lpsc.in2p3.fr\">travaux@lpsc.in2p3.fr<\/a><a href=\"mailto:travaux@lpsc.in2p3.fr%3E\">&gt;<\/a>;<\/p>\n<p>\u00a0 &#8211; T\u00e9l\u00e9phone : &lt;<a href=\"mailto:telephon@lpsc.in2p3.fr\">telephon@lpsc.in2p3.fr<\/a><a href=\"mailto:telephon@lpsc.in2p3.fr%3E\">&gt;<\/a>;<\/p>\n\t\t\t\t\t\t\tEquipe \n\t\t\t\t<p><a href=\"http:\/\/annuaire.in2p3.fr\/ConsultPerson.php?button=print&amp;cn=Bernard+Christophe&amp;dn=ou=people,+ou=lpsc,+o=in2p3,c=fr\" target=\"_blank\" rel=\"noopener noreferrer\" data-mediabox-width=\"600\" data-mediabox-height=\"400\">Christophe Bernard<\/a><\/p>\n<p>, <strong>Responsable de Service<\/strong><\/p>\n<p>\u00a0<\/p>\n<p><a href=\"http:\/\/annuaire.in2p3.fr\/ConsultPerson.php?button=print&amp;cn=Rico+Nicolas&amp;dn=ou=people,+ou=lpsc,+o=in2p3,c=fr\" target=\"_blank\" rel=\"noopener noreferrer\" data-mediabox-width=\"600\" data-mediabox-height=\"400\">Nicolas Rico<\/a><\/p>\n<p>, <strong>Responsable de Service<\/strong><\/p>\n\n","protected":false},"excerpt":{"rendered":"<p>Patrimoine et infrastructures Pr\u00e9sentation Equipe Pr\u00e9sentation Garant du bon fonctionnement des infrastructures, et des services, le service accompagne le d\u00e9veloppement des activit\u00e9s scientifiques. Il est en charge des am\u00e9nagements, de la mise \u00e0 niveau et de la r\u00e9novation des diff\u00e9rents locaux du laboratoire, voire de la cr\u00e9ation de nouveaux espaces d&rsquo;exp\u00e9riences. Le site de l&rsquo;ISN&hellip;<\/p>\n","protected":false},"author":2,"featured_media":0,"parent":0,"menu_order":0,"comment_status":"closed","ping_status":"closed","template":"","meta":{"footnotes":""},"class_list":["post-320","page","type-page","status-publish","hentry"],"_links":{"self":[{"href":"https:\/\/lpsc-wordpress.in2p3.fr\/index.php?rest_route=\/wp\/v2\/pages\/320","targetHints":{"allow":["GET"]}}],"collection":[{"href":"https:\/\/lpsc-wordpress.in2p3.fr\/index.php?rest_route=\/wp\/v2\/pages"}],"about":[{"href":"https:\/\/lpsc-wordpress.in2p3.fr\/index.php?rest_route=\/wp\/v2\/types\/page"}],"author":[{"embeddable":true,"href":"https:\/\/lpsc-wordpress.in2p3.fr\/index.php?rest_route=\/wp\/v2\/users\/2"}],"replies":[{"embeddable":true,"href":"https:\/\/lpsc-wordpress.in2p3.fr\/index.php?rest_route=%2Fwp%2Fv2%2Fcomments&post=320"}],"version-history":[{"count":2,"href":"https:\/\/lpsc-wordpress.in2p3.fr\/index.php?rest_route=\/wp\/v2\/pages\/320\/revisions"}],"predecessor-version":[{"id":1316,"href":"https:\/\/lpsc-wordpress.in2p3.fr\/index.php?rest_route=\/wp\/v2\/pages\/320\/revisions\/1316"}],"wp:attachment":[{"href":"https:\/\/lpsc-wordpress.in2p3.fr\/index.php?rest_route=%2Fwp%2Fv2%2Fmedia&parent=320"}],"curies":[{"name":"wp","href":"https:\/\/api.w.org\/{rel}","templated":true}]}}