{"id":318,"date":"2024-10-16T15:24:35","date_gmt":"2024-10-16T13:24:35","guid":{"rendered":"https:\/\/lpsc-wordpress.in2p3.fr\/?page_id=318"},"modified":"2024-10-16T15:24:35","modified_gmt":"2024-10-16T13:24:35","slug":"atlas-copy-18","status":"publish","type":"page","link":"https:\/\/lpsc-wordpress.in2p3.fr\/?page_id=318","title":{"rendered":"Hygi\u00e8ne et S\u00e9curit\u00e9"},"content":{"rendered":"\n\n\t\t\t\t<img loading=\"lazy\" decoding=\"async\" src=\"https:\/\/lpsc-wordpress.in2p3.fr\/wp-content\/uploads\/2024\/10\/h-et-s-1.png\" alt=\"h et s\" itemprop=\"image\" height=\"801\" width=\"1281\" title=\"h et s\" onerror=\"this.style.display='none'\"  \/>\n<h2>\n\t\tHygi\u00e8ne et s\u00e9curit\u00e9\n\t<\/h2>\n\t<p>La mission principale du service s\u00e9curit\u00e9 est de garantir l&rsquo;int\u00e9grit\u00e9 physique des agents, du public et des intervenants ext\u00e9rieurs, soit pr\u00e9server leur sant\u00e9 au travers de la gestion des aspects Hygi\u00e8ne (maladies professionnelles), et S\u00e9curit\u00e9 (accidents du travail)<\/p>\n\t\t\t\tOrganisation\n\t\t\t\tActions principales\n\t\t\t\t\t\t\tOrganisation\n\t\t\t\t<p>Contact : William Regairaz<\/p>\n<ul>\n<li>Le service S\u00e9curit\u00e9 et Radioprotection est constitu\u00e9 d&rsquo;un Ing\u00e9nieur S\u00e9curit\u00e9, AP (Assistant de Pr\u00e9vention), PCR (Personne Comp\u00e9tente en Radioprotection) associ\u00e9e \u00e0 l&rsquo;autorisation de l&rsquo;unit\u00e9 de d\u00e9tenir et d&rsquo;utiliser des mati\u00e8res radioactives, et gestionnaire des mati\u00e8res nucl\u00e9aires. Sa mission comprend \u00e9galement une activit\u00e9 de protection de l&rsquo;Environnement.<\/li>\n<li>La CHSCTL (Comission d&rsquo;Hygi\u00e8ne, de S\u00e9curit\u00e9 et des Conditions de Travail Locale) est une instance de concertation qui \u00e9tudie avec le Directeur les probl\u00e8mes de s\u00e9curit\u00e9 rencontr\u00e9s dans l&rsquo;unit\u00e9, et lui propose des mesures \u00e0 mettre en \u0153uvre. Le comit\u00e9 est compos\u00e9 de repr\u00e9sentants de la Direction, dont l&rsquo;AP, nomm\u00e9s par le Directeur, et de repr\u00e9sentants du personnel qui sont d\u00e9sign\u00e9s par les organisations syndicales repr\u00e9sentatives dans l&rsquo;unit\u00e9. Le M\u00e9decin de Pr\u00e9vention est lui membre de droit. Sont invit\u00e9s aux r\u00e9unions le M\u00e9decin de Pr\u00e9vention de l&rsquo;Universit\u00e9, les Ing\u00e9nieurs de s\u00e9curit\u00e9 de la D\u00e9l\u00e9gation CNRS, de l&rsquo;UGA, de l&rsquo;INPG, et de la cellule Suret\u00e9 Nucl\u00e9aire Radioprotection de l&rsquo;IN2P3.<\/li>\n<\/ul>\n<p>\u00a0<\/p>\n\t\t\t\t\t\t\tActions principales\n\t\t\t\t<ul>\n<li>Formation \u00e0 la s\u00e9curit\u00e9, assur\u00e9e pour tout nouvel entrant. L&rsquo;AP, accompagn\u00e9 par le responsable concern\u00e9, pr\u00e9sente les dispositions de s\u00e9curit\u00e9 mises en place dans l&rsquo;unit\u00e9, dont la conduite \u00e0 tenir en cas d&rsquo;urgence.<\/li>\n<li>Evaluation des risques, constituant le document unique d&rsquo;\u00e9valuation des risques (DUERP), et servant \u00e0 formaliser les dispositions techniques, humaines et organisationnelles existantes ou restant \u00e0 mettre en place pour le travail des agents sur les exp\u00e9riences.<\/li>\n<li>Mise en oeuvre de la pr\u00e9vention, dont la radioprotection.<\/li>\n<li>Gestion des situations d&rsquo;urgence<\/li>\n<li>Evaluation des risques li\u00e9s aux infrastructures<\/li>\n<li>Accompagnement des chefs de service et d&rsquo;\u00e9quipes pour la mise en \u0153uvre de dispositifs de s\u00e9curit\u00e9,<\/li>\n<li>Gestion de la s\u00e9curit\u00e9 des entreprises ext\u00e9rieures venant travailler dans le laboratoire.<\/li>\n<\/ul>\n\n","protected":false},"excerpt":{"rendered":"<p>Hygi\u00e8ne et s\u00e9curit\u00e9 La mission principale du service s\u00e9curit\u00e9 est de garantir l&rsquo;int\u00e9grit\u00e9 physique des agents, du public et des intervenants ext\u00e9rieurs, soit pr\u00e9server leur sant\u00e9 au travers de la gestion des aspects Hygi\u00e8ne (maladies professionnelles), et S\u00e9curit\u00e9 (accidents du travail) Organisation Actions principales Organisation Contact : William Regairaz Le service S\u00e9curit\u00e9 et Radioprotection est&hellip;<\/p>\n","protected":false},"author":2,"featured_media":0,"parent":0,"menu_order":0,"comment_status":"closed","ping_status":"closed","template":"","meta":{"footnotes":""},"class_list":["post-318","page","type-page","status-publish","hentry"],"_links":{"self":[{"href":"https:\/\/lpsc-wordpress.in2p3.fr\/index.php?rest_route=\/wp\/v2\/pages\/318","targetHints":{"allow":["GET"]}}],"collection":[{"href":"https:\/\/lpsc-wordpress.in2p3.fr\/index.php?rest_route=\/wp\/v2\/pages"}],"about":[{"href":"https:\/\/lpsc-wordpress.in2p3.fr\/index.php?rest_route=\/wp\/v2\/types\/page"}],"author":[{"embeddable":true,"href":"https:\/\/lpsc-wordpress.in2p3.fr\/index.php?rest_route=\/wp\/v2\/users\/2"}],"replies":[{"embeddable":true,"href":"https:\/\/lpsc-wordpress.in2p3.fr\/index.php?rest_route=%2Fwp%2Fv2%2Fcomments&post=318"}],"version-history":[{"count":2,"href":"https:\/\/lpsc-wordpress.in2p3.fr\/index.php?rest_route=\/wp\/v2\/pages\/318\/revisions"}],"predecessor-version":[{"id":1314,"href":"https:\/\/lpsc-wordpress.in2p3.fr\/index.php?rest_route=\/wp\/v2\/pages\/318\/revisions\/1314"}],"wp:attachment":[{"href":"https:\/\/lpsc-wordpress.in2p3.fr\/index.php?rest_route=%2Fwp%2Fv2%2Fmedia&parent=318"}],"curies":[{"name":"wp","href":"https:\/\/api.w.org\/{rel}","templated":true}]}}