{"id":289,"date":"2024-03-21T12:30:58","date_gmt":"2024-03-21T11:30:58","guid":{"rendered":"https:\/\/lpsc-wordpress.in2p3.fr\/?page_id=289"},"modified":"2026-01-21T15:20:49","modified_gmt":"2026-01-21T14:20:49","slug":"atlas-copy-13","status":"publish","type":"page","link":"https:\/\/lpsc-wordpress.in2p3.fr\/?page_id=289","title":{"rendered":"Physique des r\u00e9acteurs"},"content":{"rendered":"\n<figure class=\"wp-block-image\"><img decoding=\"async\" src=\"https:\/\/lpsc-wordpress.in2p3.fr\/wp-content\/uploads\/2024\/10\/Image_GPRbis-1.png\" alt=\"Image_GPRbis\" title=\"Image_GPRbis\"\/><\/figure>\n\n\n\n<h2 class=\"wp-block-heading\">\n\t\tPhysique des r\u00e9acteurs\n\t<\/h2>\n\n\n\n<p>L&rsquo;\u00e9quipe physique des r\u00e9acteurs du LPSC est impliqu\u00e9e dans les mesures de donn\u00e9es nucl\u00e9aires et l&rsquo;\u00e9tude de r\u00e9acteurs innovants depuis les ann\u00e9es 90. Alliant approches exp\u00e9rimentale et num\u00e9rique et elle a d\u00e9velopp\u00e9 une r\u00e9elle expertise acad\u00e9mique qui lui permet aujourd&rsquo;hui d&rsquo;\u00e9tudier une grande diversit\u00e9 de syst\u00e8mes \u00e0 diverses \u00e9chelles. Son activit\u00e9 se d\u00e9cline actuellement autour de mesures de donn\u00e9es nucl\u00e9aires de fission, d&rsquo;exp\u00e9riences pour validation de mod\u00e9lisations (r\u00e9acteur maquette et boucle \u00e0 sels fondus), de mod\u00e9lisation neutronique, d&rsquo;\u00e9tudes multiphysique, de d\u00e9veloppement d&rsquo;outils num\u00e9riques, et d&rsquo;\u00e9tudes technico-\u00e9conomiques pour des sc\u00e9narios \u00e9nerg\u00e9tiques.\n\t\t\t\tPr\u00e9sentation\n\t\t\t\tActivit\u00e9s scientifiques\n\t\t\t\tMembres de l&rsquo;\u00e9quipe \n\t\t\t\tTh\u00e8ses\n\t\t\t\tEnseignement\n\t\t\t\tPublications\n\t\t\t\t\t\t\tPr\u00e9sentation\n\t\t\t\t<\/p>\n\n\n\n<p>Au cours des derni\u00e8res d\u00e9cennies les vertus et services attribu\u00e9s \u00e0 l&rsquo;\u00e9nergie nucl\u00e9aire ont vari\u00e9 au gr\u00e9 de facteurs politiques, \u00e9conomiques, \u00e9cologiques, technologiques et ont \u00e9galement \u00e9t\u00e9 \u00e9maill\u00e9s par des accidents nucl\u00e9aires marquants, rendant les trajectoires suivies par les pays qui en disposent aussi diverses que changeantes. Si en France la probl\u00e9matique de la gestion des d\u00e9chets nucl\u00e9aires \u00e0 long terme et le vieillissement du parc ont motiv\u00e9 la relance de la recherche fran\u00e7aise au d\u00e9but des ann\u00e9es 90, les consid\u00e9rations de d\u00e9carbonation de l&rsquo;\u00e9nergie, d&rsquo;optimisation des ressources naturelles, de gestion du plutonium, ou d&rsquo;ind\u00e9pendance \u00e9nerg\u00e9tique sont autant de pr\u00e9occupations qui se sont ajout\u00e9es aux enjeux li\u00e9s \u00e0 cette \u00e9nergie. Pour tenter de r\u00e9pondre \u00e0 ces enjeux des syst\u00e8mes innovants ont \u00e9t\u00e9 envisag\u00e9s, aussi bien que l&rsquo;am\u00e9lioration des syst\u00e8mes existants, et le CNRS, acteur majeur de la recherche fran\u00e7aise, et plus particuli\u00e8rement l&rsquo;IN2P3, s&rsquo;est fait une place parmi les acteurs historiques du nucl\u00e9aire pour apporter sa contribution \u00e0 la recherche amont associ\u00e9e. C&rsquo;est ainsi que depuis le milieu des ann\u00e9es 90, <strong>l&rsquo;\u00e9quipe physique des r\u00e9acteurs<\/strong> du LPSC s&rsquo;implique sur ces recherches par des approches exp\u00e9rimentales et num\u00e9riques, tout en ayant une forte contribution \u00e9galement dans les enseignements nucl\u00e9aires.<\/p>\n\n\n\n<p>Ses <strong>activit\u00e9s exp\u00e9rimentales<\/strong> principales, avec le support essentiel des services techniques du laboratoire, sont&nbsp;:<\/p>\n\n\n\n<ul class=\"wp-block-list\">\n<li>la mesure de donn\u00e9es int\u00e9grales aupr\u00e8s du r\u00e9acteur VENUS-F (installation GUINEVERE, maquette d&rsquo;ADS) pour l&rsquo;am\u00e9lioration de la mod\u00e9lisation des syst\u00e8mes sous-critiques,<\/li>\n\n\n\n<li>la mesure de donn\u00e9es nucl\u00e9aires de pr\u00e9cision en lien avec l&rsquo;\u00e9tude de la fission, aupr\u00e8s du spectrom\u00e8tre LOHENGRIN de l&rsquo;ILL,<\/li>\n\n\n\n<li>la construction de dispositifs mettant en jeu des sels \ufb02uorures liquides en milieu statique ou dynamique (plateforme FEST).<\/li>\n<\/ul>\n\n\n\n<p>En parall\u00e8le, des <strong>\u00e9tudes num\u00e9riques<\/strong> multi-physiques compl\u00e8tes de r\u00e9acteurs existants ou de concepts en d\u00e9veloppement sont men\u00e9es, afin de pr\u00e9dire aussi finement que possible leur comportement. En fonction des besoins, le groupe utilise des codes de calcul g\u00e9n\u00e9riques (e.g., MCNP, SERPENT, DRAGON, OPENFOAM) ou d\u00e9veloppe ses propres outils (e.g. MURE). En appui aux \u00e9tudes syst\u00e8mes, le groupe contribue au d\u00e9veloppement d&rsquo;outils d&rsquo;\u00e9tudes de la physique de l&rsquo;aval du cycle du combustible \u00e0 l&rsquo;\u00e9chelle d&rsquo;un parc utilisant diff\u00e9rents types de r\u00e9acteurs. Le groupe porte \u00e9galement des \u00e9tudes pluridisciplinaires d&rsquo;\u00e9conomie de l&rsquo;\u00e9nergie focalis\u00e9e sur l&rsquo;\u00e9conomie du nucl\u00e9aire avec une \u00e9quipe d&rsquo;\u00e9conomistes grenoblois et avec des g\u00e9ologues du CNRS sp\u00e9cialistes de l&rsquo;uranium.<\/p>\n\n\n\n<p>Enfin, des travaux sont \u00e9galement men\u00e9s en neutronique sur le d\u00e9veloppement d&rsquo;un algorithme destin\u00e9 \u00e0 l&rsquo;optimisation du transport des neutrons dans la mati\u00e8re, qui trouve des applications concr\u00e8tes dans la r\u00e9alisation de sources de neutrons r\u00e9pondant \u00e0 des crit\u00e8res de spectre d\u00e9finis pour des besoins cibl\u00e9s (m\u00e9trologie, radioth\u00e9rapie,&#8230;).\n\t\t\t\t\t\t\tActivit\u00e9s scientifiques\n\t\t\t\t<\/p>\n\n\n\n<h3 class=\"wp-block-heading\">Activit\u00e9s scientifiques<\/h3>\n\n\n\n<hr class=\"wp-block-separator has-alpha-channel-opacity\"\/>\n\n\n\n<p><em>En cours de construction&#8230;<\/em><\/p>\n\n\n\n<ul class=\"wp-block-list\">\n<li><strong>Syst\u00e8mes et sc\u00e9narios<\/strong><\/li>\n<\/ul>\n\n\n\n<p>Le groupe m\u00e8ne des \u00e9tudes multi-physiques compl\u00e8tes de r\u00e9acteurs existants ou de concepts en d\u00e9veloppement, afin de pr\u00e9dire aussi finement que possible leur comportement. En fonction des besoins, par exemple pour \u00e9tudier des r\u00e9acteurs \u00e0 eau optimis\u00e9s pour la haute conversion et\/ou le cycle thorium (comme alternative pragmatique aux projets les plus innovants), le groupe utilise des codes de calcul g\u00e9n\u00e9riques (ex : MCNP, SERPENT, DRAGON, OPENFOAM) ou d\u00e9veloppe ses propres outils (ex : MURE \u00e9tendu \u00e0 SMURE pour interfacer \u00e0 la fois MCNP et Serpent, code de diffusion NDM et sa version g\u00e9n\u00e9ralis\u00e9e sNDM, &#8230;). Est notamment \u00e9tudi\u00e9 l&rsquo;apport de diff\u00e9rentes m\u00e9thodes de gestion de la r\u00e9activit\u00e9 (telle la variation de spectre par ajout d&rsquo;eau l\u00e9g\u00e8re dans un coeur refroidi initialement \u00e0 l&rsquo;eau lourde) sur les performances de conversion et sur la s\u00fbret\u00e9 de ces r\u00e9acteurs existants modifi\u00e9s. Pour les \u00e9tudes de conception de coeurs optimis\u00e9s surtout, des outils de calcul neutronique ont \u00e9t\u00e9 d\u00e9velopp\u00e9s de longue date et sont r\u00e9guli\u00e8rement maintenus et utilis\u00e9s, \u00e0 commencer par SMURE (Serpent\/MCNP Utility for Reactor Evolution). La m\u00e9thodologie particuli\u00e8re des calculs de coeurs complets a conduit \u00e0 la mise au point d&rsquo;une m\u00e9thode d\u00e9terministe simplifi\u00e9e bas\u00e9e sur l&rsquo;approximation de la diffusion neutronique (sNDM), compl\u00e9ment id\u00e9al des codes Monte Carlo. Toutes ces m\u00e9thodes, \u00e9videmment coupl\u00e9es \u00e0 la thermohydraulique, nous ont permis de monter en comp\u00e9tences sur la conception de coeurs et la simulation de transitoires accidentels.<\/p>\n\n\n\n<p>En appui aux \u00e9tudes syst\u00e8mes, le groupe contribue au d\u00e9veloppement d&rsquo;outils d&rsquo;\u00e9tudes de la physique de l&rsquo;aval du cycle du combustible \u00e0 l&rsquo;\u00e9chelle d&rsquo;un parc utilisant diff\u00e9rents types de r\u00e9acteurs. Le groupe porte \u00e9galement des \u00e9tudes interdisciplinaires d&rsquo;\u00e9conomie de l&rsquo;\u00e9nergie focalis\u00e9e sur l&rsquo;\u00e9conomie du nucl\u00e9aire avec une \u00e9quipe d&rsquo;\u00e9conomiste Grenoblois et avec des g\u00e9ologues sp\u00e9cialistes de l&rsquo;uranium du CNRS.<\/p>\n\n\n\n<ul class=\"wp-block-list\">\n<li><strong>&nbsp;<\/strong><strong>Physique des r\u00e9acteurs sous-critiques<\/strong><\/li>\n<\/ul>\n\n\n\n<p>Depuis sa cr\u00e9ation l&rsquo;\u00e9quipe s&rsquo;int\u00e9resse aux r\u00e9acteurs sous-critiques pilot\u00e9s par acc\u00e9l\u00e9rateur. Ces syst\u00e8mes, dont le concept a connu un renouveau sous l&rsquo;impulsion de C. Rubbia au d\u00e9but des ann\u00e9es 90, \u00e9taient initialement envisag\u00e9s pour la transmutation des actinides mineurs dans une strat\u00e9gie de gestion des d\u00e9chets nucl\u00e9aires \u00e0 long terme. Ils ont motiv\u00e9 une longue s\u00e9rie de programmes exp\u00e9rimentaux, notamment autour du d\u00e9fi du monitoring de leur r\u00e9activit\u00e9, r\u00e9alis\u00e9s en grande partie au sein de projets europ\u00e9ens (MUSE, EUROTRANS-IP, FREYA, MYRTE) et se poursuivant depuis dans des cadres plus restreints en collaboration avec le SCK-CEN.<\/p>\n\n\n\n<p><strong>&nbsp;<\/strong><\/p>\n\n\n\n<ul class=\"wp-block-list\">\n<li><strong>Donn\u00e9es nucl\u00e9aires: rendements de fission<br><\/strong><\/li>\n<\/ul>\n\n\n\n<p>Le groupe a d\u00e9fini, puis fait \u00e9voluer, son programme de recherche sur les rendements de fission en associant un volet \u00e9valuation en compl\u00e9ment du programme exp\u00e9rimental principalement \u00e0 l&rsquo;ILL en collaboration avec le CEA (Saclay et Cadarache). De telles donn\u00e9es sont en effet cruciales pour l&rsquo;\u00e9valuation de plusieurs observables utiles pour la physique des r\u00e9acteurs et les applications. Par ailleurs, elles rev\u00eatent \u00e9galement une importance plus fondamentale concernant l&rsquo;\u00e9tude du processus de fission. La recherche de pr\u00e9cision et la d\u00e9termination des corr\u00e9lations d&rsquo;incertitudes imposent des contraintes sur les mod\u00e8les de fission et testent le pouvoir de pr\u00e9diction de ces derniers. En outre, l&rsquo;\u00e9tude des rendements de fission en fonction de leur \u00e9nergie cin\u00e9tique donne une information indirecte sur les distributions en spin et en \u00e9nergie d&rsquo;excitation disponible lors de la scission, observable cl\u00e9 dans l&rsquo;\u00e9valuation des donn\u00e9es nucl\u00e9aires.<\/p>\n\n\n\n<p>Les travaux effectu\u00e9s concernent notamment les mesures de rendements en masse, en charge, en isom\u00e8res issus de la fission induite par neutrons thermiques (principalement la r\u00e9gion contenant les <sup>233,235<\/sup>U, <sup>239,241<\/sup>Pu, <sup>241<\/sup>Am, <sup>245<\/sup>Cm, <sup>251<\/sup>Cf) avec un focus particulier dans la r\u00e9gion des fragments lourds et sym\u00e9triques, cette derni\u00e8re \u00e9tant souvent peu fournie en donn\u00e9es exp\u00e9rimentales. Nous avons mis au point un protocole complet de mesures et d&rsquo;analyses, qui inclut notamment l&rsquo;\u00e9valuation des corrections syst\u00e9matiques et des biais de l&rsquo;instrument, ainsi que des matrices de variance-covariance exp\u00e9rimentales. Cette m\u00e9thode d&rsquo;analyse fournit en outre des rendements auto-normalis\u00e9s, ind\u00e9pendants de toutes mesures ou \u00e9valuations ext\u00e9rieures.<\/p>\n\n\n\n<p><strong>&nbsp;<\/strong><\/p>\n\n\n\n<ul class=\"wp-block-list\">\n<li><strong>Multiphysique Exp\u00e9rimentale et Num\u00e9rique<\/strong><\/li>\n<\/ul>\n\n\n\n<p><strong>&nbsp;<\/strong><\/p>\n\n\n\n<ul class=\"wp-block-list\">\n<li><strong>Neutronique appliqu\u00e9e<\/strong><\/li>\n<\/ul>\n\n\n\n<p>\n\t\t\t\t\t\t\tMembres de l&rsquo;\u00e9quipe \n\t\t\t\t<\/p>\n\n\n\n<h3 class=\"wp-block-heading\">Membres de l&rsquo;\u00e9quipe<\/h3>\n\n\n\n<hr class=\"wp-block-separator has-alpha-channel-opacity\"\/>\n\n\n\n<figure class=\"wp-block-table\"><table><tbody><tr><td><ul><li><p><em><strong>Chercheurs permanents<\/strong><\/em><\/p><a href=\"https:\/\/annuaire.in2p3.fr\/541-578\/adrien-bidaud\"><strong>Bidaud Adrien <\/strong><\/a> &#8211; Professeur Grenoble INP-UGA<\/li><br><li><a href=\"https:\/\/annuaire.in2p3.fr\/550-588\/annick-billebaud\"><strong>Billebaud Annick <\/strong><\/a> &#8211; Directrice de Recherche CNRS<\/li><br><li><a href=\"https:\/\/annuaire.in2p3.fr\/917-990\/nicolas-capellan\"><strong>Capellan Nicolas<\/strong><\/a> &#8211; Ma\u00eetre de Conf\u00e9rences Grenoble INP-UGA<\/li><br><li><a href=\"https:\/\/annuaire.in2p3.fr\/1001-1083\/sebastien-chabod\"><strong>Chabod S\u00e9bastien<\/strong><\/a> &#8211; Charg\u00e9 de Recherche CNRS<\/li><br><li><a href=\"https:\/\/annuaire.in2p3.fr\/1615-7217\/xavier-doligez\"><strong>Doligez Xavier<\/strong><\/a> &#8211; Charg\u00e9 de Recherche CNRS<\/li><br><li><a href=\"https:\/\/annuaire.in2p3.fr\/9714-13576\/giovanni-ghigliotti\"><strong>Ghigliotti Giovanni<\/strong><\/a> &#8211; Professeur Grenoble INP-UGA<\/li><br><li><a href=\"https:\/\/annuaire.in2p3.fr\/3766-8073\/olivier-meplan\"><strong>M\u00e9plan Olivier<\/strong><\/a> &#8211; Ma\u00eetre de Conf\u00e9rences UGA <em>(responsable de l&rsquo;\u00e9quipe)<\/em><\/li><br><li><a href=\"https:\/\/annuaire.in2p3.fr\/4118-4464\/alexis-nuttin\"><strong>Nuttin Alexis<\/strong><\/a> &#8211; Ma\u00eetre de Conf\u00e9rences Grenoble INP-UGA<\/li><br><li><a href=\"https:\/\/annuaire.in2p3.fr\/4806-5212\/pablo-rubiolo\"><strong>Rubiolo Pablo<\/strong><\/a> &#8211; Professeur Grenoble INP-UGA<\/li><br><li><a href=\"https:\/\/annuaire.in2p3.fr\/4831-5238\/christophe-sage\"><strong>Sage Christophe<\/strong><\/a> &#8211; Ma\u00eetre de Conf\u00e9rences Grenoble INP-UGA<\/li><br><li><p><em><strong>Doctorants<\/strong><\/em><\/p><a href=\"https:\/\/annuaire.in2p3.fr\/7578-11244\/martin-marone\"><strong>Martin Marone<\/strong><\/a> &#8211; Doctorant<\/li><br><li><a href=\"https:\/\/annuaire.in2p3.fr\/6815-14946\/tomas-molina%20blanco\"><strong>Tomas Molina Blanco<\/strong><\/a> &#8211; Doctorant<\/li><br><li><a href=\"https:\/\/annuaire.in2p3.fr\/8314-11507\/mohammad-rababah\"><strong>Gonzalo De la Iglesia<\/strong><\/a> &#8211; Doctorant<\/li><br><li><a href=\"https:\/\/annuaire.in2p3.fr\/9051-12573\/francisco-szmandiuk\"><strong>Francisco Szmandiuk<\/strong><\/a> &#8211; Doctorant<\/li><br><li><a href=\"https:\/\/annuaire.in2p3.fr\/8482-12566\/adrien-vieville\"><strong>Adrien Vieville<\/strong><\/a> &#8211; Doctorant<\/li><br><br><\/ul><\/td><\/tr><\/tbody><\/table><\/figure>\n\n\n\n<p>\n&nbsp;\n\t\t\t\t\t\t\tTh\u00e8ses\n\t\t\t\t<\/p>\n\n\n\n<h3 class=\"wp-block-heading\">Th\u00e8ses<\/h3>\n\n\n\n<hr class=\"wp-block-separator has-alpha-channel-opacity\"\/>\n\n\n\n<p><em><strong>Th\u00e8ses en cours<\/strong><\/em><\/p>\n\n\n\n<ul class=\"wp-block-list\">\n<li><strong>Martin Marone<\/strong> (2022-2026): Mod\u00e9lisation multiphysique de la production, du transport et de la s\u00e9paration des produits de fission pr\u00e9sents dans le sel combustible d&rsquo;un r\u00e9acteur \u00e0 sels fondus (RSF)<\/li>\n\n\n\n<li><strong>Gonzalo De la Iglesia<\/strong> (2025-2028): C onception d\u2019un r\u00e9acteur \u00e0 sels fondus (MSR) \u00e0 spectre thermique pour la propulsion \u00e9lectrique nucl\u00e9aire (NEP) \u00e0 l\u2019aide d\u2019un outil multiphysique<\/li>\n\n\n\n<li><strong>Tomas Molina<\/strong> (2025-2028): Investigation exp\u00e9rimentale et extension d\u2019une m\u00e9thodologie d\u2019analyse de la stabilit\u00e9 des syst\u00e8mes de circulation naturelle \u00e0 bas nombre de Mach \u00e0 sels fondus<\/li>\n\n\n\n<li><strong>Francisco Szmandiuk<\/strong> (2023-2026): D\u00e9veloppement d&rsquo;un outil num\u00e9rique pour la conception de r\u00e9acteurs nucl\u00e9aires pour la propulsion spatiale \u00e9lectrique<\/li>\n\n\n\n<li><strong>Adrien Vieville<\/strong> (2023-2026) : Caract\u00e9risation d&rsquo;une ligne de temps de vol pour l&rsquo;\u00e9tude des produits de fission sym\u00e9trique aupr\u00e8s du spectrom\u00e8tre LOHENGRIN de l&rsquo;ILL<\/li>\n<\/ul>\n\n\n\n<p><em><strong>Th\u00e8ses soutenues<\/strong><\/em><\/p>\n\n\n\n<ul class=\"wp-block-list\">\n<li>\u00a0<strong>Mohammad Rababah<\/strong> (12\/2025) &#8211; Understandingand Accelerating Monte Carlo Sensitivity Convergence: Dominance Ratio Effects and Modal Approaches<\/li>\n\n\n\n<li><strong>Jonas Narvaez<\/strong> (11\/2024) &#8211; \u00c9tude num\u00e9rique et exp\u00e9rimentale du comportement dynamique de la convection naturelle dans des syst\u00e8mes d&rsquo;\u00e9vacuation de la chaleur utilisant des sels fondus<\/li>\n\n\n\n<li><strong>Franco Quinteros<\/strong> (06\/2023) &#8211; Conception d\u2019un r\u00e9acteur nucl\u00e9aire de propulsion \u00e9lectrique pour l\u2019espace<\/li>\n\n\n\n<li><strong>Kimon Keramidas<\/strong> (12\/2023) &#8211; Trajectoires pour la d\u00e9carbonisation de l&rsquo;hydrog\u00e8ne, de l&rsquo;acier et du ciment : une approche de mod\u00e9lisation int\u00e9grant demande et production<\/li>\n\n\n\n<li><strong>Davide Portinari<\/strong> (09\/2022) &#8211; SIBYL &#8211; Incertitudes en \u00e9volution<\/li>\n\n\n\n<li><strong>Gabin Mantulet<\/strong> (06\/2020) &#8211; contribution des gaz renouvelables \u00e0 la d\u00e9carbonation des syst\u00e8mes \u00e9nerg\u00e9tiques<\/li>\n\n\n\n<li><strong>Pamela Lopez<\/strong> (09\/2021) &#8211; M\u00e9thodes de dimensionnement des incertitudes d&rsquo;une chaine industrielle de calcul c\u0153ur<\/li>\n\n\n\n<li><strong>Juan Blanco<\/strong> (12\/2020) &#8211; Couplage neutronique, thermohydraulique et thermom\u00e9canique pour la mod\u00e9lisation cdes accidents de criticit\u00e9 dans des syst\u00e8mes nucl\u00e9aires<\/li>\n<\/ul>\n\n\n\n<p>\n\t\t\t\t\t\t\tEnseignement\n\t\t\t\t<\/p>\n\n\n\n<h3 class=\"wp-block-heading\">Enseignement<\/h3>\n\n\n\n<hr class=\"wp-block-separator has-alpha-channel-opacity\"\/>\n\n\n\n<p><em>En cours de construction&#8230;<\/em>\n\t\t\t\t\t\t\tPublications\n\t\t\t\t<\/p>\n\n\n\n<h3 class=\"wp-block-heading\">Publications<\/h3>\n\n\n\n<hr class=\"wp-block-separator has-alpha-channel-opacity\"\/>\n\n\n\n<p><em>En cours de construction&#8230;<\/em><\/p>\n","protected":false},"excerpt":{"rendered":"<p>Physique des r\u00e9acteurs L&rsquo;\u00e9quipe physique des r\u00e9acteurs du LPSC est impliqu\u00e9e dans les mesures de donn\u00e9es nucl\u00e9aires et l&rsquo;\u00e9tude de r\u00e9acteurs innovants depuis les ann\u00e9es 90. Alliant approches exp\u00e9rimentale et num\u00e9rique et elle a d\u00e9velopp\u00e9 une r\u00e9elle expertise acad\u00e9mique qui lui permet aujourd&rsquo;hui d&rsquo;\u00e9tudier une grande diversit\u00e9 de syst\u00e8mes \u00e0 diverses \u00e9chelles. Son activit\u00e9 se&hellip;<\/p>\n","protected":false},"author":2,"featured_media":0,"parent":0,"menu_order":0,"comment_status":"closed","ping_status":"closed","template":"","meta":{"footnotes":""},"class_list":["post-289","page","type-page","status-publish","hentry"],"_links":{"self":[{"href":"https:\/\/lpsc-wordpress.in2p3.fr\/index.php?rest_route=\/wp\/v2\/pages\/289","targetHints":{"allow":["GET"]}}],"collection":[{"href":"https:\/\/lpsc-wordpress.in2p3.fr\/index.php?rest_route=\/wp\/v2\/pages"}],"about":[{"href":"https:\/\/lpsc-wordpress.in2p3.fr\/index.php?rest_route=\/wp\/v2\/types\/page"}],"author":[{"embeddable":true,"href":"https:\/\/lpsc-wordpress.in2p3.fr\/index.php?rest_route=\/wp\/v2\/users\/2"}],"replies":[{"embeddable":true,"href":"https:\/\/lpsc-wordpress.in2p3.fr\/index.php?rest_route=%2Fwp%2Fv2%2Fcomments&post=289"}],"version-history":[{"count":37,"href":"https:\/\/lpsc-wordpress.in2p3.fr\/index.php?rest_route=\/wp\/v2\/pages\/289\/revisions"}],"predecessor-version":[{"id":3294,"href":"https:\/\/lpsc-wordpress.in2p3.fr\/index.php?rest_route=\/wp\/v2\/pages\/289\/revisions\/3294"}],"wp:attachment":[{"href":"https:\/\/lpsc-wordpress.in2p3.fr\/index.php?rest_route=%2Fwp%2Fv2%2Fmedia&parent=289"}],"curies":[{"name":"wp","href":"https:\/\/api.w.org\/{rel}","templated":true}]}}