{"id":284,"date":"2024-03-21T12:19:45","date_gmt":"2024-03-21T11:19:45","guid":{"rendered":"https:\/\/lpsc-wordpress.in2p3.fr\/?page_id=284"},"modified":"2024-10-16T11:25:19","modified_gmt":"2024-10-16T09:25:19","slug":"atlas-copy-11","status":"publish","type":"page","link":"https:\/\/lpsc-wordpress.in2p3.fr\/?page_id=284","title":{"rendered":"MIMAC"},"content":{"rendered":"\n\n\t\t\t\t<img loading=\"lazy\" decoding=\"async\" src=\"https:\/\/lpsc-wordpress.in2p3.fr\/wp-content\/uploads\/2024\/03\/mimac.png\" alt=\"mimac\" itemprop=\"image\" height=\"800\" width=\"1280\" title=\"mimac\" onerror=\"this.style.display='none'\"  \/>\n<h2>\n\t\tMIMAC\n\t<\/h2>\n\t<p>Il s&rsquo;agit d&rsquo;un projet d&rsquo;exp\u00e9rience pour la d\u00e9tection directe de mati\u00e8re sombre non-baryonique \u00e0 l&rsquo;aide d&rsquo;une matrice de chambres \u00e0 projection temporelle (TPC) en site souterrain. Une collaboration fran\u00e7aise d&rsquo;une vingtaine de personnes travaille sur ce projet. Le LPSC est initiateur du projet et contribue aux \u00e9tudes ph\u00e9nom\u00e9nologiques et de simulation du d\u00e9tecteur. A l&rsquo;aide de la source d&rsquo;ions de tr\u00e8s basse \u00e9nergie, d\u00e9velopp\u00e9e au LPSC, nous avons acc\u00e8s \u00e0 un \u00e9talonnage pr\u00e9cis du prototype de la chambre \u00e0 projection temporelle.<\/p>\n\t\t\t\tPr\u00e9sentation\n\t\t\t\tEquipe \n\t\t\t\t\t\t\tPr\u00e9sentation\n\t\t\t\t<p>Il s&rsquo;agit d&rsquo;un projet d&rsquo;exp\u00e9rience pour la d\u00e9tection directe de mati\u00e8re sombre non-baryonique \u00e0 l&rsquo;aide d&rsquo;une matrice de chambres \u00e0 projection temporelle (TPC) en site souterrain. Une collaboration fran\u00e7aise d&rsquo;une vingtaine de personnes travaille sur ce projet. Le LPSC est initiateur du projet et contribue aux \u00e9tudes ph\u00e9nom\u00e9nologiques et de simulation du d\u00e9tecteur. A l&rsquo;aide de la source d&rsquo;ions de tr\u00e8s basse \u00e9nergie, d\u00e9velopp\u00e9e au LPSC, nous avons acc\u00e8s \u00e0 un \u00e9talonnage pr\u00e9cis du prototype de la chambre \u00e0 projection temporelle.<br \/>MiMac : Le d\u00e9tecteur et son \u00e9lectronique ont d\u00e9voil\u00e9 les premi\u00e8res traces de neutron lors d&rsquo;un test \u00e0 Cadarache en 2009. L&rsquo;exp\u00e9rience ce poursuit avec la mise \u00e0 niveau des ASIC front-end d\u00e9di\u00e9s \u00e0 cette exp\u00e9rience<\/p>\n<p>Apr\u00e8s les premi\u00e8res \u00e9tudes pr\u00e9liminaires, c&rsquo;est une solution associant un pr\u00e9amplificateur de charge et un comparateur de courant qui a \u00e9t\u00e9 retenue. Les sorties des comparateurs sont \u00e9chantillonn\u00e9es toutes les 20ns [50MHz] pour permettre de reconstruire la trace tridimensionnelle d&rsquo;une particule traversant la chambre.<br \/>Des compensations automatiques d&rsquo;offsets via des amplificateurs \u00ab auto-z\u00e9ro \u00bb, h\u00e9rit\u00e9s des d\u00e9veloppements pour EUSO, ont aussi \u00e9t\u00e9 pr\u00e9vues sur chaque voie. 16 voies identiques ont \u00e9t\u00e9 implant\u00e9es dans cet ASIC associ\u00e9es \u00e0 un circuit de sommation et de filtrage \u00e0 deux gains donnant une information sur l&rsquo;\u00e9nergie de la particule incidente. <br \/>Par ailleurs, dans le but de r\u00e9duire le nombre de connexions en sortie et la consommation, un double \u00ab s\u00e9rialiseur \u00bb \u00e0 400MHz [convertisseur parall\u00e8le s\u00e9rie] a aussi \u00e9t\u00e9 int\u00e9gr\u00e9. Il transf\u00e8re les 16 sorties des comparateurs sur deux lignes au standard LVDS [2 x 8bits] entre deux \u00e9chantillonnages successifs. Ceci n\u00e9cessite l&rsquo;implantation d&rsquo;une boucle \u00e0 verrouillage de phase [PLL] pour g\u00e9n\u00e9rer \u00e0 partir de l&rsquo;horloge syst\u00e8me \u00e0 50MHz une horloge \u00e0 400MHz, associ\u00e9e \u00e0 deux registres \u00e0 d\u00e9calage. La \u00ab cohabitation \u00bb entre un oscillateur \u00e0 400MHz et des pr\u00e9amplificateurs bas bruit n&rsquo;a pas pos\u00e9 de probl\u00e8me lors des tests des circuits.<br \/>La carte d&rsquo;acquisition d&rsquo;un prototype de cellule de d\u00e9tection hexagonale a \u00e9t\u00e9 \u00e9galement r\u00e9alis\u00e9e. Elle comporte 12 ASIC permettant de traiter 2&#215;96 voies (lignes et colonnes). Cette carte int\u00e8gre \u00e9galement une connectivit\u00e9 Ethernet limitant ainsi le nombre de passages de fils ce qui aura sont importance lors de la construction d&rsquo;un d\u00e9tecteur de grande taille, regroupant plusieurs cellules de d\u00e9tection.<\/p>\n\t\t\t\t\t\t\tEquipe \n\t\t\t\t<h3>Equipe de recherche : membres permanents<\/h3>\n<ul>\n<li>Daniel Santos, Directeur de recherche CNRS<\/li>\n<li>Fabrice Naraghi, Ma\u00eetre de conf\u00e9rences GRENOBLE INP<\/li>\n<\/ul>\n<h3>Equipe de recherche : doctorants et post-doctorants<\/h3>\n<ul>\n<li>Marine Herv\u00e9, doctorante depuis 2017<\/li>\n<\/ul>\n<h3>Personnels des services techniques <\/h3>\n<ul>\n<li>N. Sauzet (CDD), O. Guillaudin, JF. Muraz (service d\u00e9tecteurs &amp; instrumentation)<\/li>\n<li>G. Bosson, J. Bouvier, JL. Bouly, L. Gallin-Martel, F. Rarbi (service \u00e9lectronique)<\/li>\n<li>T. Descombes (service informatique)<\/li>\n<li>A. Dastgheibi Fard, M. Zampaolo (service Ultra-Basse radioactivit\u00e9)<\/li>\n<\/ul>\n\n","protected":false},"excerpt":{"rendered":"<p>MIMAC Il s&rsquo;agit d&rsquo;un projet d&rsquo;exp\u00e9rience pour la d\u00e9tection directe de mati\u00e8re sombre non-baryonique \u00e0 l&rsquo;aide d&rsquo;une matrice de chambres \u00e0 projection temporelle (TPC) en site souterrain. Une collaboration fran\u00e7aise d&rsquo;une vingtaine de personnes travaille sur ce projet. Le LPSC est initiateur du projet et contribue aux \u00e9tudes ph\u00e9nom\u00e9nologiques et de simulation du d\u00e9tecteur. A&hellip;<\/p>\n","protected":false},"author":2,"featured_media":0,"parent":0,"menu_order":0,"comment_status":"closed","ping_status":"closed","template":"","meta":{"footnotes":""},"class_list":["post-284","page","type-page","status-publish","hentry"],"_links":{"self":[{"href":"https:\/\/lpsc-wordpress.in2p3.fr\/index.php?rest_route=\/wp\/v2\/pages\/284","targetHints":{"allow":["GET"]}}],"collection":[{"href":"https:\/\/lpsc-wordpress.in2p3.fr\/index.php?rest_route=\/wp\/v2\/pages"}],"about":[{"href":"https:\/\/lpsc-wordpress.in2p3.fr\/index.php?rest_route=\/wp\/v2\/types\/page"}],"author":[{"embeddable":true,"href":"https:\/\/lpsc-wordpress.in2p3.fr\/index.php?rest_route=\/wp\/v2\/users\/2"}],"replies":[{"embeddable":true,"href":"https:\/\/lpsc-wordpress.in2p3.fr\/index.php?rest_route=%2Fwp%2Fv2%2Fcomments&post=284"}],"version-history":[{"count":3,"href":"https:\/\/lpsc-wordpress.in2p3.fr\/index.php?rest_route=\/wp\/v2\/pages\/284\/revisions"}],"predecessor-version":[{"id":1297,"href":"https:\/\/lpsc-wordpress.in2p3.fr\/index.php?rest_route=\/wp\/v2\/pages\/284\/revisions\/1297"}],"wp:attachment":[{"href":"https:\/\/lpsc-wordpress.in2p3.fr\/index.php?rest_route=%2Fwp%2Fv2%2Fmedia&parent=284"}],"curies":[{"name":"wp","href":"https:\/\/api.w.org\/{rel}","templated":true}]}}