{"id":1873,"date":"2024-11-19T14:44:30","date_gmt":"2024-11-19T13:44:30","guid":{"rendered":"https:\/\/lpsc-wordpress.in2p3.fr\/?page_id=1873"},"modified":"2025-03-06T11:08:00","modified_gmt":"2025-03-06T10:08:00","slug":"atlas-copy-15-copy-2-copy-5","status":"publish","type":"page","link":"https:\/\/lpsc-wordpress.in2p3.fr\/?page_id=1873","title":{"rendered":"Liens utiles"},"content":{"rendered":"\n\n\t\t\t\t<img loading=\"lazy\" decoding=\"async\" src=\"https:\/\/lpsc-wordpress.in2p3.fr\/wp-content\/uploads\/2024\/11\/6528585.png\" alt=\"6528585\" itemprop=\"image\" height=\"512\" width=\"512\" title=\"6528585\" onerror=\"this.style.display='none'\"  \/>\n\t<em>\u00a9 CNRS<br \/>\n<\/em>\n<h2>\n\t\tLiens utiles\n\t<\/h2>\n\t<em>15 novembre 2024<br \/>\n<\/em>\n\t<h4>Sites de communication \u00e0 consulter<\/h4>\n\t<p>Partager ce contenu<\/p>\n\t\t\t\t\t\t\t\t\t\t<a class= \"uabb-ss-grid-button-link\" href=\"https:\/\/www.linkedin.com\/shareArticle?url=https%3A%2F%2Flpsc-wordpress.in2p3.fr%2F%3Fpage_id%3D1873%26fl_builder\" target=\"_blank\" onclick=\"window.open(this.href,'social-share','left=20,top=20,width=500,height=500,toolbar=1,resizable=0');return false;\">\n\t\t\t\t\t\t\t\tLinkedin\n\t\t\t\t\t\t\t\t\t\t<\/a>\n\t<p>Cat\u00e9gories<\/p>\n\t<ul>\n<li><a href=\"http:\/\/www.cnrs.fr\/cnrs-images\/videotheque\/actualites.htm\" target=\"_parent\">Vid\u00e9oth\u00e8que du CNRS<\/a><\/li>\n<li><a href=\"http:\/\/www.cnrs.fr\/cnrs-images\/phototheque\/presentation.htm\" target=\"_parent\">Phototh\u00e8que du CNRS<\/a><\/li>\n<li><a href=\"http:\/\/phototheque.in2p3.fr\/\" target=\"_parent\">Phototh\u00e8que de l&rsquo;IN2P3<\/a><\/li>\n<li><a href=\"http:\/\/www.cnrs.fr\/compratique\/index.htm\" target=\"_parent\">Site Com&rsquo;Pratique du CNRS<\/a><\/li>\n<li><a href=\"http:\/\/www.alpes.cnrs.fr\/793_0_0_0_Communication_0.html\">Communication CNRS-Alpes<\/a><\/li>\n<\/ul>\n<h3>Sites d&rsquo;information (communiqu\u00e9s de presse, actualit\u00e9s scientifiques, conf\u00e9rences&#8230;)<\/h3>\n<p><strong>Niveau national :<\/strong><\/p>\n<ul>\n<li><strong>CNRS<\/strong><br \/>\n<a href=\"http:\/\/www2.cnrs.fr\/presse\/\">Communiqu\u00e9s de presse, dossiers de presse, br\u00e8ves du CNRS<br \/>\n<\/a><a href=\"http:\/\/www.cnrs.fr\/CNRS-Hebdo\/SG\/\">Informations \u00e9mises par le Secr\u00e9tariat G\u00e9n\u00e9ral du CNRS<br \/>\n<\/a>Sur le site, vous avez la possibilit\u00e9 de vous abonner \u00e0 la lettre hebdomadaire<\/li>\n<li><strong>IN2P3<\/strong><br \/>\n<a href=\"http:\/\/www.in2p3.fr\/presse\/communiques\/communiques.htm\">Communiqu\u00e9s de presse<br \/>\n<\/a><a href=\"http:\/\/www.in2p3.fr\/presse\/dossiers\/dossiers.htm\">Dossiers de presse <\/a><br \/>\n<a href=\"http:\/\/www.in2p3.fr\/recherche\/nouvelles_scientifiques\/nouvelles_scientifiques.htm\">Nouvelles scientifiques<br \/>\n<\/a><a href=\"http:\/\/listserv.in2p3.fr\/archives\/e-lettre-l.html\">Consultation de tous les num\u00e9ros de la lettre IN2P3<\/a><br \/>\n. Abonnement \u00e0 la lettre de l&rsquo;IN2P3 par mail : adresser un mail \u00e0 <a href=\"mailto:listserv@in2p3.fr\">listserv@in2p3.fr<\/a> qui contiendra dans le corps du message (le sujet du mail n&rsquo;a pas d&rsquo;importance), le texte suivant : subscribe e-lettre-l votrepr\u00e9nom votrenom<br \/>\n. D\u00e9sabonnement : adresser un mail \u00e0 <a href=\"mailto:listserv@in2p3.fr\">listserv@in2p3.fr<\/a> qui contiendra dans le corps du message (le sujet du mail n&rsquo;a pas d&rsquo;importance), le texte suivant : signoff e-lettre-l<\/li>\n<li><strong>ANR<\/strong><br \/>\n<a href=\"http:\/\/www.agence-nationale-recherche.fr\/\">Rubrique \u00ab\u00a0toute l&rsquo;actualit\u00e9\u00a0\u00bb<\/a><\/li>\n<\/ul>\n<p><strong>Niveau r\u00e9gional et local <\/strong><\/p>\n<ul>\n<li><strong>D\u00e9l\u00e9gation Alpes du CNRS<\/strong><br \/>\n<a href=\"http:\/\/www.alpes.cnrs.fr\/629_0_0_0_Communiqu%E9s+de+la+d%E9l%E9gation_0.html\">Communiqu\u00e9s de presse<br \/>\n<\/a><a href=\"http:\/\/www.alpes.cnrs.fr\/631_0_0_0_Dossiers+de+presse+de+la+d%E9l%E9gation_0.html\">Dossiers de presse\n<\/a><\/li>\n<li><strong>UJF<\/strong><br \/>\n<a href=\"http:\/\/www.ujf-grenoble.fr\/universite\/medias-et-communication\/espace-presse\/\">Espace Presse <\/a><br \/>\n<a href=\"http:\/\/www.ujf-grenoble.fr\/universite\/medias-et-communication\/actualites\/\">Actualit\u00e9s <\/a><br \/>\n<a href=\"http:\/\/www.ujf-grenoble.fr\/recherche\/\">Culture Scientifique (A la Une) <\/a><br \/>\n<a href=\"http:\/\/www.ujf-grenoble.fr\/culture\/partage-des-savoirs\/offre-culturelle\/midisciences-midisavoirs-221479.htm\">Conf\u00e9rences midisciences<\/a><\/li>\n<\/ul>\n<strong><br \/>\nGrenoble et alentours <\/strong>\n<ul>\n<li><a href=\"http:\/\/www.ccsti-grenoble.org\/\">CCSTI<\/a> (Centre de Culture Scientifique Technique &amp; Industrielle)<\/li>\n<li><a href=\"http:\/\/www.echosciences-grenoble.fr\/cafesciences\">Caf\u00e9 Sciences et Citoyens de Grenoble<\/a><\/li>\n<li><a href=\"http:\/\/www.zetetique.fr\/\">Observatoire z\u00e9t\u00e9tique<\/a><\/li>\n<li><a href=\"http:\/\/sfp.grenoble.cnrs.fr\/\">SFP<\/a><\/li>\n<\/ul>\n\n","protected":false},"excerpt":{"rendered":"<p>\u00a9 CNRS Liens utiles 15 novembre 2024 Sites de communication \u00e0 consulter Partager ce contenu Linkedin Cat\u00e9gories Vid\u00e9oth\u00e8que du CNRS Phototh\u00e8que du CNRS Phototh\u00e8que de l&rsquo;IN2P3 Site Com&rsquo;Pratique du CNRS Communication CNRS-Alpes Sites d&rsquo;information (communiqu\u00e9s de presse, actualit\u00e9s scientifiques, conf\u00e9rences&#8230;) Niveau national : CNRS Communiqu\u00e9s de presse, dossiers de presse, br\u00e8ves du CNRS Informations \u00e9mises&hellip;<\/p>\n","protected":false},"author":2,"featured_media":1874,"parent":0,"menu_order":0,"comment_status":"closed","ping_status":"closed","template":"","meta":{"footnotes":""},"class_list":["post-1873","page","type-page","status-publish","has-post-thumbnail","hentry"],"_links":{"self":[{"href":"https:\/\/lpsc-wordpress.in2p3.fr\/index.php?rest_route=\/wp\/v2\/pages\/1873","targetHints":{"allow":["GET"]}}],"collection":[{"href":"https:\/\/lpsc-wordpress.in2p3.fr\/index.php?rest_route=\/wp\/v2\/pages"}],"about":[{"href":"https:\/\/lpsc-wordpress.in2p3.fr\/index.php?rest_route=\/wp\/v2\/types\/page"}],"author":[{"embeddable":true,"href":"https:\/\/lpsc-wordpress.in2p3.fr\/index.php?rest_route=\/wp\/v2\/users\/2"}],"replies":[{"embeddable":true,"href":"https:\/\/lpsc-wordpress.in2p3.fr\/index.php?rest_route=%2Fwp%2Fv2%2Fcomments&post=1873"}],"version-history":[{"count":3,"href":"https:\/\/lpsc-wordpress.in2p3.fr\/index.php?rest_route=\/wp\/v2\/pages\/1873\/revisions"}],"predecessor-version":[{"id":2550,"href":"https:\/\/lpsc-wordpress.in2p3.fr\/index.php?rest_route=\/wp\/v2\/pages\/1873\/revisions\/2550"}],"wp:featuredmedia":[{"embeddable":true,"href":"https:\/\/lpsc-wordpress.in2p3.fr\/index.php?rest_route=\/wp\/v2\/media\/1874"}],"wp:attachment":[{"href":"https:\/\/lpsc-wordpress.in2p3.fr\/index.php?rest_route=%2Fwp%2Fv2%2Fmedia&parent=1873"}],"curies":[{"name":"wp","href":"https:\/\/api.w.org\/{rel}","templated":true}]}}